192)?
6
Let l = -671 - -673. Suppose -t + 4*d = -454 - 692, -2292 = -l*t - 3*d. What is the hundreds digit of t?
1
Let q(b) = 3*b**3 - 2*b**2 + b - 5. Let c be q(4). Suppose 0 = j - c + 29. What is the tens digit of j?
3
What is the tens digit of (57457176/852)/(-1*(-1 + 3 - 4))?
1
Let f(k) = 3500*k**2 + 38*k - 166. What is the tens digit of f(3)?
4
Let k be -3 - (0 + 2) - (-12 + -248). Let x = 864 - k. What is the units digit of x?
9
Let h = 1326 - 17. Suppose 11*x - 3916 - h = 0. What is the hundreds digit of x?
4
Let g(u) be the second derivative of 113*u**3/6 - 5*u**2/2 + 21*u. Let r be g(-2). Let z = -140 - r. What is the units digit of z?
1
What is the hundreds digit of (9803/(-2) + -2)/(70/20 + -4)?
8
Let m(q) = -2*q**2 + q - 5. Let l be m(0). Let j be 3*4/(-12) - l/1. Let p(i) = 18*i + 12. What is the tens digit of p(j)?
8
Let m(u) = -u**3 + 32*u**2 + 34*u - 17. Let p be m(33). Suppose -p*h + 6896 + 656 = 0. What is the hundreds digit of h?
4
Suppose k = 49 + 5. Let q(l) = 5*l - 18. Let y be q(4). Suppose k = -d + y*d. What is the units digit of d?
4
Suppose -5*p - 4*f + 3 = 0, 6*f + 3 = 5*f. Let s(k) = 133*k + 24. What is the hundreds digit of s(p)?
4
Suppose 2*j + 5*d = 4966, j + 2*d = 2911 - 429. Suppose -4188 = -33*s + j. What is the units digit of s?
2
Let r(p) = 3*p**2 - 19*p + 33. Let m be r(2). Suppose -m*b + 2*b = -5235. What is the hundreds digit of b?
0
Let i = 20 + -18. Let z be -4 + (10 - 0 - i). Suppose 3*s - 5*s = -z*n - 254, 0 = 5*s - 3*n - 670. What is the units digit of s?
7
Suppose -7*l - 48 = -12*l + 3*v, -l - 4*v = -5. Suppose -665 = -5*k - 3*o, 3*k + l*o - 433 = 14*o. What is the units digit of k?
6
Let a(r) = -53*r - 12. Let p = 194 + -198. What is the tens digit of a(p)?
0
Let j(m) = 2*m**2 + 9*m - 11. Let f(l) = 5*l**2 + 18*l - 22. Let i(t) = 3*f(t) - 7*j(t). Suppose -19*y = -2*y - 153. What is the units digit of i(y)?
1
Suppose s = -0*s + 2, 5*x - s + 502 = 0. Let k = 253 + x. What is the hundreds digit of k?
1
Let g be 0*(0 - 1) - -1. Suppose -5*i + g = -6*i. What is the units digit of i/(-8)*6 + (-73)/(-4)?
9
Let x(q) = 25*q**2 + q + 1. Let v be x(-1). Let w(r) = -33*r + 23*r - 2 + 0 - v*r. What is the units digit of w(-2)?
8
Let s(z) be the first derivative of 3*z**4/4 + 4*z**3/3 - 5*z**2/2 + 3*z + 6. Let r be s(3). Let x = 197 - r. What is the units digit of x?
2
Suppose -74*j + 826520 = -869814 - 893148. What is the tens digit of j?
9
Let z(g) = -18*g**2. Let q be z(-1). Let c = q - -29. What is the units digit of (6/(-9) - 23/(-3))*c?
7
Suppose -5*d + 5*f = -90 - 180, -2*d + 120 = -5*f. Let u = d - 42. What is the hundreds digit of (119 - u/(-2)) + 1?
1
Suppose 2*z - 9717 = 3*u, -11*z + 10*z - 7*u = -4901. What is the hundreds digit of z?
8
Let o = -61 + 127. What is the hundreds digit of 6/(-33) - (-22848)/o?
3
Suppose 6*l = 5*l + 5. Suppose 0*p - 311 = -l*b + 4*p, 2*b - 123 = 3*p. Suppose -5*d + b = -122. What is the tens digit of d?
3
What is the thousands digit of 10/(-3)*(-12228)/10?
4
Let n(o) = -2727*o - 1066. What is the units digit of n(-9)?
7
Suppose -5*p - 2*v - 60 = 0, -7*p = -3*p + 4*v + 48. What is the hundreds digit of 4 - (p/(-4)*-71 + -4)?
2
Let a(z) = 11084*z + 242. What is the ten thousands digit of a(1)?
1
Let x(q) = 2*q**2 + q - 12. Suppose -15 = -3*b, 4*i - 3*b - 17 = -0*b. Suppose 0 = -2*r + i, 23 = 4*j - 3*r + 71. What is the hundreds digit of x(j)?
1
Suppose 453590 = 117*a + 83*a + 135*a. What is the tens digit of a?
5
Suppose -225736 = -47*a + 40*a - 44912. What is the hundreds digit of a?
8
Suppose 45*g + 138435 = 498100 + 944750. What is the units digit of g?
7
Suppose 3*g = -8*g - 792. Let s = g + 86. What is the hundreds digit of (-28)/98 + 3350/s?
2
Suppose 0 = 7*b - 3*b - 64. Suppose -4975*t - 108 = -5002*t. Suppose t*i = 52 + b. What is the units digit of i?
7
Let r(g) = 56*g - 135. Let d be r(-21). Let p = -548 - d. What is the units digit of p?
3
Let u(i) = -24*i**2 - 19*i - 13. Let q(s) = s**3 - 2*s**2 - s. Let k(n) = q(n) - u(n). What is the hundreds digit of k(-8)?
7
Let n(h) = h**2 + h - 12. Let a(s) = s + 1. Let c(j) = 6*a(j) + n(j). Let b be c(-7). What is the tens digit of b/(-4)*(89 + -5)?
2
Let s = -25718 - -41660. What is the thousands digit of s?
5
Let d(z) = -4*z**2 + 27*z + 2. Let j = 793 - 790. What is the tens digit of d(j)?
4
Let d = -4293 - -2002. Let u = -1355 - d. What is the hundreds digit of u?
9
Suppose -3*r = 5*z - 266, -2*r - 2*z + 4*z = -204. Let b = 111 - r. What is the units digit of b?
4
Suppose 2*y = 2*d - 5028, -39*d + 40*d + 3*y - 2534 = 0. Suppose d = -24*z + 35*z. What is the hundreds digit of z?
2
Let m = 337 - -48542. What is the units digit of m?
9
Let j(a) = -10*a - 17*a**2 + 13*a**2 - 22 + 0*a**2 + 6*a**2. What is the tens digit of j(-5)?
7
Suppose 2*o + 2*w + 2 = -3*w, o + 2*w = 0. Let f be -3 - 19*-3 - o. Suppose -x = -5*z + 214 - f, 5*x = -3*z + 104. What is the tens digit of z?
3
Suppose -62108 + 1968 = -62*u. What is the tens digit of u?
7
Let p = 91530 + -44149. What is the units digit of p?
1
Suppose -2*w + w - 6960 = 3*o, 6 = 2*w. Let d = -1308 - o. What is the thousands digit of d?
1
Let v = 24203 - -7863. What is the ten thousands digit of v?
3
Let g(j) = 3*j**2 - 16*j + 16. Let s be (50/(-4))/(5/(-5 + -5)). What is the hundreds digit of g(s)?
4
Suppose 0 = 4*x - 5*o - 15, 3*x - 3*o - 14 + 5 = 0. Let y be 2*(-1 - x) + 13. Let g(i) = -i**2 + 11*i + 16. What is the units digit of g(y)?
6
Suppose -11*m = -20*m + 207. Suppose 2*h = -2*x - 20, -m = 4*x + h + 2. What is the tens digit of (3/x)/(2/(-570))?
7
Let o = -11727 - -45058. What is the tens digit of o?
3
Let k(v) = v**2 - 274*v + 6071. What is the thousands digit of k(0)?
6
Let u = -364 + -713. Let z = u - -1824. What is the hundreds digit of z?
7
Let s be (-46)/3*36/4. Let n be s/(-15) + 4/(-20). Suppose -n = -2*h + 103. What is the tens digit of h?
5
Suppose -15*x + 45 = -6*x. Suppose -x*y + 3*y = -840. What is the units digit of y?
0
Let o = 3655 - -3070. What is the units digit of o?
5
Suppose -37219 = -3*l - w, 4*w + 2815 + 46821 = 4*l. What is the thousands digit of l?
2
Suppose 40*c - 6000 = -20*c. Suppose -c*i - 1240 = -101*i. What is the units digit of i?
0
What is the ten thousands digit of 258405/(42/6) + (2 - 8)?
3
Let q(i) = -i - 16. Let w be q(-23). What is the units digit of 67*w + -3 + (-6 - -7)?
7
Let k(q) = -175*q**3 - q. Let w be k(1). Let v(g) = -46*g - 17. Let t be v(-8). Let h = w + t. What is the hundreds digit of h?
1
Let d be 5/((-25)/35) + 39. Let v = d + 8. What is the tens digit of v?
4
Suppose -5*r + 3*c = 193, -2*c - c = 4*r + 176. What is the hundreds digit of 11/(-1)*(-9 + r - -1)?
5
Let m(x) = 31*x + 106. Let v be m(-3). Suppose -v*z + 6885 = 2*z. What is the hundreds digit of z?
4
Let c(v) = 2*v**3 + 2*v**2 + v + 2. What is the units digit of c(9)?
1
Let x = -64 + 70. Let l be (x/(-2))/(-9) + 551/3. Suppose -4*p + l = 2*z, -4*p - 2*z = -4*z - 168. What is the tens digit of p?
4
Let f be (-3)/(75/160)*(-700)/(-8). Let i = -192 - f. What is the units digit of i?
8
Let j be (2 - (-18)/(-10))/(3/195). Suppose 1111 = 4*i - j. What is the hundreds digit of i?
2
Let d = -28126 - -72781. What is the hundreds digit of d?
6
Suppose 134744 = 14*l + 35400. What is the thousands digit of l?
7
Suppose -9*t + 46896 + 54192 - 14508 = 0. What is the tens digit of t?
2
Let a(c) = -3*c**3 - 5*c**2 + 17*c + 30. Let p be a(-9). Suppose -h = 544 - p. What is the tens digit of h?
1
What is the thousands digit of 8*12/(-720) + 588696/45?
3
Let y be ((-45)/(-2))/(2/4). Let i = -40 + y. Suppose 0 = -10*t + i*t + 260. What is the units digit of t?
2
Let u(b) = b**3 + 22*b**2 + 41*b + 31. Let o be u(-20). Let a(h) = h**3 - 8*h**2 + 6*h - 43. What is the hundreds digit of a(o)?
3
Let z be (-44)/16 + 6/8. Let v be -2*((-15)/10 - z). What is the tens digit of (34/8)/(v/(-20))?
8
Let x(p) = p**3 - 3*p**2 - 4*p + 3. Let r be x(4). Let q be (r/6)/((-1)/(-24)). What is the units digit of 5672/48 - 2/q?
8
Suppose 6*n - 18 = -24. Let p(i) = 13*i + 9. Let s be p(n). What is the hundreds digit of 2871/18 + 2/s?
1
Let c = -9410 - -9880. What is the tens digit of c?
7
Let j = 1818 - 1059. Suppose 9 - j = -6*x. Suppose -5*l - g = -547, 2*l - 5*g - x = l. What is the hundred